n factor of 50069299 and 102373?
4451
Calculate the greatest common divisor of 1986 and 1096416.
6
Calculate the highest common factor of 46243560 and 2376.
264
What is the highest common divisor of 291 and 1062470585?
97
Calculate the greatest common factor of 394848 and 1024.
32
Calculate the greatest common factor of 152040 and 3892560.
840
Calculate the greatest common divisor of 7168 and 2696.
8
What is the highest common factor of 13357 and 13283?
37
Calculate the greatest common divisor of 6886364 and 688.
172
What is the greatest common factor of 23947071 and 69?
69
What is the highest common divisor of 6850 and 21772040?
1370
What is the greatest common factor of 984 and 23734203?
123
What is the highest common factor of 820896 and 1529184?
1632
Calculate the greatest common divisor of 147 and 5168625.
21
Calculate the highest common factor of 7157 and 42753392.
421
Calculate the greatest common divisor of 10518 and 1118586.
6
Calculate the highest common divisor of 27375781 and 1187.
1187
Calculate the highest common divisor of 1740 and 2026665.
435
What is the highest common factor of 300000174 and 7230?
1446
What is the greatest common factor of 31521944 and 8?
8
What is the greatest common divisor of 1645722 and 288?
18
Calculate the greatest common factor of 64276915 and 1105.
85
What is the greatest common factor of 207 and 1661697?
9
What is the highest common divisor of 6653300 and 12575?
25
What is the greatest common divisor of 4565 and 159660?
5
Calculate the highest common divisor of 96873 and 44153.
659
Calculate the greatest common factor of 108950 and 60170906.
4358
What is the greatest common factor of 20349 and 4351932?
153
What is the highest common divisor of 810569062 and 2?
2
Calculate the greatest common divisor of 960 and 5951808.
192
Calculate the greatest common factor of 82838639 and 1913.
1913
Calculate the greatest common factor of 124227375 and 1875.
375
Calculate the highest common divisor of 519810 and 3120.
30
Calculate the greatest common divisor of 208 and 948616760.
104
Calculate the greatest common divisor of 66370 and 990.
10
What is the highest common divisor of 8008 and 219097736?
1144
What is the highest common divisor of 11466 and 15098811?
1911
Calculate the highest common divisor of 3363235 and 2745.
305
Calculate the greatest common divisor of 27768 and 460308.
1068
Calculate the highest common factor of 7025472 and 3798.
18
Calculate the highest common divisor of 15676 and 121853467.
3919
What is the greatest common factor of 346694787 and 81?
9
What is the greatest common factor of 115566 and 86834?
22
What is the highest common divisor of 11833222 and 199622?
1322
Calculate the greatest common divisor of 518426 and 142.
2
What is the greatest common divisor of 1712 and 1176786?
214
What is the highest common divisor of 9212 and 9578506?
658
Calculate the greatest common factor of 9358740 and 5670.
810
What is the greatest common divisor of 548994927 and 12129?
12129
What is the highest common factor of 2160404 and 536?
4
What is the highest common factor of 21 and 61443578?
7
Calculate the highest common factor of 1522816971 and 78.
39
What is the highest common factor of 138303451 and 110?
11
What is the greatest common divisor of 2104 and 1373824?
8
Calculate the highest common factor of 5020795 and 845.
65
What is the greatest common factor of 342895 and 9499210?
3395
Calculate the highest common factor of 617605796 and 164.
164
Calculate the highest common divisor of 56069 and 3686.
19
What is the highest common factor of 157957692 and 12?
12
Calculate the greatest common factor of 312 and 22995752.
104
What is the greatest common factor of 2254 and 1452654?
98
Calculate the highest common divisor of 479712 and 100320.
1824
Calculate the greatest common divisor of 14412 and 4622649.
3603
What is the highest common divisor of 13065 and 156928070?
4355
Calculate the highest common factor of 9188 and 94.
2
What is the highest common factor of 1814890 and 4510?
110
What is the highest common divisor of 1963242 and 13572?
522
Calculate the greatest common factor of 9495832 and 32128.
2008
What is the highest common factor of 20519 and 529737?
289
What is the greatest common divisor of 48510411 and 519?
519
What is the greatest common factor of 48576 and 13835328?
4416
What is the highest common divisor of 1276686 and 46854?
342
Calculate the highest common divisor of 28842047 and 1751.
17
Calculate the greatest common factor of 450792277 and 923.
923
Calculate the highest common factor of 697730622 and 5295.
1059
Calculate the highest common factor of 7830513 and 9882.
81
What is the highest common divisor of 3170182 and 782?
46
What is the highest common factor of 744051 and 14091?
231
What is the greatest common factor of 81 and 515628099?
81
What is the highest common divisor of 47656564 and 2546?
134
What is the highest common factor of 478129432 and 88?
88
What is the highest common divisor of 5534830 and 1480?
370
Calculate the highest common factor of 11222470 and 3920.
490
Calculate the highest common factor of 1332 and 13742873.
37
What is the highest common factor of 96 and 14643812?
4
What is the greatest common divisor of 117360 and 156080?
80
What is the highest common divisor of 12 and 10507272?
12
Calculate the highest common factor of 57156 and 9948.
12
What is the greatest common divisor of 17860 and 24494420?
380
Calculate the greatest common factor of 17703 and 495756.
9
What is the greatest common factor of 2631 and 456831931?
877
What is the greatest common factor of 4024576 and 16?
16
Calculate the greatest common factor of 2871785 and 1435.
35
Calculate the greatest common divisor of 1505 and 51995.
5
What is the highest common divisor of 2160 and 9761360?
80
Calculate the greatest common factor of 36 and 8810968.
4
Calculate the highest common divisor of 42300 and 1282630.
470
What is the highest common factor of 4718 and 39158389?
337
What is the highest common factor of 211304873 and 4849?
4849
What is the highest common divisor of 642280 and 220?
20
Calculate the greatest common factor of 169809 and 55338.
69
What is the greatest common factor of 104496675 and 1425?
1425
What is the highest common divisor of 4757202 and 18?
18
Calculate the highest common factor of 194131113 and 6906.
3453
What is the greatest common factor of 28 and 55847904?
28
Calculate the greatest common divisor of 3132 and 6477084.
108
Calculate the greatest common factor of 19670 and 459857062.
3934
What is the highest common factor of 203 and 29435551?
29
What is the highest common divisor of 204510 and 883002?
2406
What is the greatest common factor of 30055 and 40201568?
6011
What is the highest common factor of 182 and 260935714?
26
Calculate the highest common divisor of 9560 and 5321335.
1195
Calculate the highest common factor of 58368 and 320736.
96
Calculate the highest common factor of 9434859 and 747.
249
Calculate the highest common factor of 770 and 16066330.
70
Calculate the highest common factor of 42 and 5764269.
21
What is the highest common divisor of 71418 and 8544?
6
What is the highest common divisor of 438858 and 262472?
602
What is the highest common factor of 74481 and 9102?
111
What is the greatest common divisor of 237520 and 560?
80
Calculate the greatest common divisor of 36260 and 4199496.
196
Calculate the highest common divisor of 19297042 and 1482568.
7886
Calculate the highest common divisor of 26709 and 1728717.
921
Calculate the highest common divisor of 267686815 and 22.
11
Calculate the highest common factor of 46650 and 230.
10
Calculate the highest common divisor of 32 and 789598.
2
Calculate the greatest common factor of 38075 and 57125.
25
What is the highest common factor of 743160 and 1848?
264
What is the greatest common divisor of 273 and 233367771?
273
Calculate the highest common divisor of 116039 and 207418.
137
What is the highest common divisor of 791525 and 775?
25
What is the highest common factor of 145 and 6315707?
29
What is the highest common divisor of 486081746 and 7510?
1502
Calculate the greatest common divisor of 4708 and 1353427592.
4708
What is the highest common factor of 1854400 and 38880?
160
Calculate the highest commo